{"id":45,"date":"2024-09-02T16:29:31","date_gmt":"2024-09-02T16:29:31","guid":{"rendered":"https:\/\/metaissp.com.br\/site24\/?page_id=45"},"modified":"2024-09-02T16:34:52","modified_gmt":"2024-09-02T16:34:52","slug":"servicos","status":"publish","type":"page","link":"https:\/\/metaissp.com.br\/site24\/servicos\/","title":{"rendered":"Servi\u00e7os"},"content":{"rendered":"\t\t<div data-elementor-type=\"wp-page\" data-elementor-id=\"45\" class=\"elementor elementor-45\">\n\t\t\t\t<div class=\"elementor-element elementor-element-4dc6ec3 e-flex e-con-boxed e-con e-parent\" data-id=\"4dc6ec3\" data-element_type=\"container\">\n\t\t\t\t\t<div class=\"e-con-inner\">\n\t\t\t\t<div class=\"elementor-element elementor-element-fd66e09 elementor-widget elementor-widget-heading\" data-id=\"fd66e09\" data-element_type=\"widget\" data-widget_type=\"heading.default\">\n\t\t\t\t<div class=\"elementor-widget-container\">\n\t\t\t<style>\/*! elementor - v3.23.0 - 05-08-2024 *\/\n.elementor-heading-title{padding:0;margin:0;line-height:1}.elementor-widget-heading .elementor-heading-title[class*=elementor-size-]>a{color:inherit;font-size:inherit;line-height:inherit}.elementor-widget-heading .elementor-heading-title.elementor-size-small{font-size:15px}.elementor-widget-heading .elementor-heading-title.elementor-size-medium{font-size:19px}.elementor-widget-heading .elementor-heading-title.elementor-size-large{font-size:29px}.elementor-widget-heading .elementor-heading-title.elementor-size-xl{font-size:39px}.elementor-widget-heading .elementor-heading-title.elementor-size-xxl{font-size:59px}<\/style><h3 class=\"elementor-heading-title elementor-size-default\">Corte a Plasma<\/h3>\t\t<\/div>\n\t\t\t\t<\/div>\n\t\t\t\t\t<\/div>\n\t\t\t\t<\/div>\n\t\t<div class=\"elementor-element elementor-element-634a3fa e-flex e-con-boxed e-con e-parent\" data-id=\"634a3fa\" data-element_type=\"container\">\n\t\t\t\t\t<div class=\"e-con-inner\">\n\t\t\t\t<div class=\"elementor-element elementor-element-603947f elementor-widget elementor-widget-text-editor\" data-id=\"603947f\" data-element_type=\"widget\" data-widget_type=\"text-editor.default\">\n\t\t\t\t<div class=\"elementor-widget-container\">\n\t\t\t<style>\/*! elementor - v3.23.0 - 05-08-2024 *\/\n.elementor-widget-text-editor.elementor-drop-cap-view-stacked .elementor-drop-cap{background-color:#69727d;color:#fff}.elementor-widget-text-editor.elementor-drop-cap-view-framed .elementor-drop-cap{color:#69727d;border:3px solid;background-color:transparent}.elementor-widget-text-editor:not(.elementor-drop-cap-view-default) .elementor-drop-cap{margin-top:8px}.elementor-widget-text-editor:not(.elementor-drop-cap-view-default) .elementor-drop-cap-letter{width:1em;height:1em}.elementor-widget-text-editor .elementor-drop-cap{float:left;text-align:center;line-height:1;font-size:50px}.elementor-widget-text-editor .elementor-drop-cap-letter{display:inline-block}<\/style>\t\t\t\t<p>Corte de chapas met\u00e1licas ou outros materiais. Corte em a\u00e7o carbono, inox, alum\u00ednio.<\/p>\t\t\t\t\t\t<\/div>\n\t\t\t\t<\/div>\n\t\t\t\t\t<\/div>\n\t\t\t\t<\/div>\n\t\t<div class=\"elementor-element elementor-element-0157bad e-flex e-con-boxed e-con e-parent\" data-id=\"0157bad\" data-element_type=\"container\">\n\t\t\t\t\t<div class=\"e-con-inner\">\n\t\t\t\t<div class=\"elementor-element elementor-element-29cf09c elementor-widget elementor-widget-heading\" data-id=\"29cf09c\" data-element_type=\"widget\" data-widget_type=\"heading.default\">\n\t\t\t\t<div class=\"elementor-widget-container\">\n\t\t\t<h3 class=\"elementor-heading-title elementor-size-default\">Corte a Laser<\/h3>\t\t<\/div>\n\t\t\t\t<\/div>\n\t\t\t\t\t<\/div>\n\t\t\t\t<\/div>\n\t\t<div class=\"elementor-element elementor-element-5d3d24e e-flex e-con-boxed e-con e-parent\" data-id=\"5d3d24e\" data-element_type=\"container\">\n\t\t\t\t\t<div class=\"e-con-inner\">\n\t\t\t\t<div class=\"elementor-element elementor-element-b194db8 elementor-widget elementor-widget-text-editor\" data-id=\"b194db8\" data-element_type=\"widget\" data-widget_type=\"text-editor.default\">\n\t\t\t\t<div class=\"elementor-widget-container\">\n\t\t\t\t\t\t\t<p>O corte a laser em chapas met\u00e1licas \u00e9 uma solu\u00e7\u00e3o de alta precis\u00e3o para a fabrica\u00e7\u00e3o de pe\u00e7as complexas e detalhadas. Utilizando tecnologia avan\u00e7ada, esse processo permite cortes exatos e acabamentos impec\u00e1veis em diversos tipos de metais, como a\u00e7o, alum\u00ednio e inox. Ideal para projetos que exigem qualidade e efici\u00eancia, o corte a laser em chapas met\u00e1licas reduz o desperd\u00edcio de material e otimiza a produ\u00e7\u00e3o, garantindo resultados superiores em menor tempo.<\/p>\t\t\t\t\t\t<\/div>\n\t\t\t\t<\/div>\n\t\t\t\t\t<\/div>\n\t\t\t\t<\/div>\n\t\t<div class=\"elementor-element elementor-element-f2f2819 e-flex e-con-boxed e-con e-parent\" data-id=\"f2f2819\" data-element_type=\"container\">\n\t\t\t\t\t<div class=\"e-con-inner\">\n\t\t\t\t<div class=\"elementor-element elementor-element-549805b elementor-widget elementor-widget-heading\" data-id=\"549805b\" data-element_type=\"widget\" data-widget_type=\"heading.default\">\n\t\t\t\t<div class=\"elementor-widget-container\">\n\t\t\t<h3 class=\"elementor-heading-title elementor-size-default\">Corte a \u00c1gua<\/h3>\t\t<\/div>\n\t\t\t\t<\/div>\n\t\t\t\t<div class=\"elementor-element elementor-element-233791f elementor-widget elementor-widget-text-editor\" data-id=\"233791f\" data-element_type=\"widget\" data-widget_type=\"text-editor.default\">\n\t\t\t\t<div class=\"elementor-widget-container\">\n\t\t\t\t\t\t\t<p>Jato de \u00e1gua \u00e9 um processo de corte a frio que corta ao usar \u00e1gua.<\/p>\t\t\t\t\t\t<\/div>\n\t\t\t\t<\/div>\n\t\t\t\t\t<\/div>\n\t\t\t\t<\/div>\n\t\t<div class=\"elementor-element elementor-element-dd7191d e-flex e-con-boxed e-con e-parent\" data-id=\"dd7191d\" data-element_type=\"container\">\n\t\t\t\t\t<div class=\"e-con-inner\">\n\t\t\t\t<div class=\"elementor-element elementor-element-4bc30bf elementor-widget elementor-widget-heading\" data-id=\"4bc30bf\" data-element_type=\"widget\" data-widget_type=\"heading.default\">\n\t\t\t\t<div class=\"elementor-widget-container\">\n\t\t\t<h3 class=\"elementor-heading-title elementor-size-default\">Corte Guilhotina<\/h3>\t\t<\/div>\n\t\t\t\t<\/div>\n\t\t\t\t\t<\/div>\n\t\t\t\t<\/div>\n\t\t<div class=\"elementor-element elementor-element-5b91039 e-flex e-con-boxed e-con e-parent\" data-id=\"5b91039\" data-element_type=\"container\">\n\t\t\t\t\t<div class=\"e-con-inner\">\n\t\t\t\t<div class=\"elementor-element elementor-element-2542846 elementor-widget elementor-widget-text-editor\" data-id=\"2542846\" data-element_type=\"widget\" data-widget_type=\"text-editor.default\">\n\t\t\t\t<div class=\"elementor-widget-container\">\n\t\t\t\t\t\t\t<p>Servi\u00e7o de corte guilhotina, ealizado por meio de uma m\u00e1quina de corte linear. Corte de Chapa Guilhotina.<\/p>\t\t\t\t\t\t<\/div>\n\t\t\t\t<\/div>\n\t\t\t\t\t<\/div>\n\t\t\t\t<\/div>\n\t\t<div class=\"elementor-element elementor-element-0c57dae e-flex e-con-boxed e-con e-parent\" data-id=\"0c57dae\" data-element_type=\"container\">\n\t\t\t\t\t<div class=\"e-con-inner\">\n\t\t\t\t<div class=\"elementor-element elementor-element-73f2d6b elementor-widget elementor-widget-heading\" data-id=\"73f2d6b\" data-element_type=\"widget\" data-widget_type=\"heading.default\">\n\t\t\t\t<div class=\"elementor-widget-container\">\n\t\t\t<h3 class=\"elementor-heading-title elementor-size-default\">Oxicorte<\/h3>\t\t<\/div>\n\t\t\t\t<\/div>\n\t\t\t\t<div class=\"elementor-element elementor-element-1b27b80 elementor-widget elementor-widget-text-editor\" data-id=\"1b27b80\" data-element_type=\"widget\" data-widget_type=\"text-editor.default\">\n\t\t\t\t<div class=\"elementor-widget-container\">\n\t\t\t\t\t\t\t<p>Servi\u00e7os de corte em a\u00e7o carbono, inox, alum\u00ednio por Oxicorte.<\/p>\t\t\t\t\t\t<\/div>\n\t\t\t\t<\/div>\n\t\t\t\t<div class=\"elementor-element elementor-element-140b6cc elementor-widget elementor-widget-heading\" data-id=\"140b6cc\" data-element_type=\"widget\" data-widget_type=\"heading.default\">\n\t\t\t\t<div class=\"elementor-widget-container\">\n\t\t\t<h3 class=\"elementor-heading-title elementor-size-default\">Calandragem<\/h3>\t\t<\/div>\n\t\t\t\t<\/div>\n\t\t\t\t<div class=\"elementor-element elementor-element-fcd367e elementor-widget elementor-widget-text-editor\" data-id=\"fcd367e\" data-element_type=\"widget\" data-widget_type=\"text-editor.default\">\n\t\t\t\t<div class=\"elementor-widget-container\">\n\t\t\t\t\t\t\t<p>A calandragem \u00e9 um procedimento comum principalmente em borrachas, pl\u00e1sticos e outros. Consiste em passar o produto atrav\u00e9s dos rolos girat\u00f3rios, que comp\u00f5e a calandra.<\/p>\t\t\t\t\t\t<\/div>\n\t\t\t\t<\/div>\n\t\t\t\t\t<\/div>\n\t\t\t\t<\/div>\n\t\t<div class=\"elementor-element elementor-element-246f3c8 e-flex e-con-boxed e-con e-parent\" data-id=\"246f3c8\" data-element_type=\"container\">\n\t\t\t\t\t<div class=\"e-con-inner\">\n\t\t\t\t<div class=\"elementor-element elementor-element-b03b441 elementor-widget elementor-widget-heading\" data-id=\"b03b441\" data-element_type=\"widget\" data-widget_type=\"heading.default\">\n\t\t\t\t<div class=\"elementor-widget-container\">\n\t\t\t<h3 class=\"elementor-heading-title elementor-size-default\">Soldagem Mig e Tig<\/h3>\t\t<\/div>\n\t\t\t\t<\/div>\n\t\t\t\t\t<\/div>\n\t\t\t\t<\/div>\n\t\t<div class=\"elementor-element elementor-element-a4d6326 e-flex e-con-boxed e-con e-parent\" data-id=\"a4d6326\" data-element_type=\"container\">\n\t\t\t\t\t<div class=\"e-con-inner\">\n\t\t\t\t<div class=\"elementor-element elementor-element-b910715 elementor-widget elementor-widget-text-editor\" data-id=\"b910715\" data-element_type=\"widget\" data-widget_type=\"text-editor.default\">\n\t\t\t\t<div class=\"elementor-widget-container\">\n\t\t\t\t\t\t\t<p>Soldagem TIG \u00e9 utilizada para solda com alum\u00ednio e com ligas de a\u00e7o inoxid\u00e1vel . Tamb\u00e9m utilizada para juntas de alta qualidade em ind\u00fastrias nucleares, qu\u00edmicas, aeron\u00e1uticas e de alimentos. Soldagem MIG, por arco el\u00e9trico com g\u00e1s de prote\u00e7\u00e3o, processo de soldagem por arco el\u00e9trico entre a pe\u00e7a e o consum\u00edvel em forma de arame.<\/p>\t\t\t\t\t\t<\/div>\n\t\t\t\t<\/div>\n\t\t\t\t\t<\/div>\n\t\t\t\t<\/div>\n\t\t<div class=\"elementor-element elementor-element-c087f3b e-flex e-con-boxed e-con e-parent\" data-id=\"c087f3b\" data-element_type=\"container\">\n\t\t\t\t\t<div class=\"e-con-inner\">\n\t\t\t\t<div class=\"elementor-element elementor-element-86cf35f elementor-widget elementor-widget-heading\" data-id=\"86cf35f\" data-element_type=\"widget\" data-widget_type=\"heading.default\">\n\t\t\t\t<div class=\"elementor-widget-container\">\n\t\t\t<h3 class=\"elementor-heading-title elementor-size-default\">Dobra de Chapas<\/h3>\t\t<\/div>\n\t\t\t\t<\/div>\n\t\t\t\t\t<\/div>\n\t\t\t\t<\/div>\n\t\t<div class=\"elementor-element elementor-element-53ae262 e-flex e-con-boxed e-con e-parent\" data-id=\"53ae262\" data-element_type=\"container\">\n\t\t\t\t\t<div class=\"e-con-inner\">\n\t\t\t\t<div class=\"elementor-element elementor-element-6d38697 elementor-widget elementor-widget-text-editor\" data-id=\"6d38697\" data-element_type=\"widget\" data-widget_type=\"text-editor.default\">\n\t\t\t\t<div class=\"elementor-widget-container\">\n\t\t\t\t\t\t\t<p>A dobra de chapas pode ser aplicada no processo de produ\u00e7\u00e3o industrial a fim de atender diversas fun\u00e7\u00f5es espec\u00edficas e realiza um processo de compress\u00e3o<\/p>\t\t\t\t\t\t<\/div>\n\t\t\t\t<\/div>\n\t\t\t\t\t<\/div>\n\t\t\t\t<\/div>\n\t\t\t\t<\/div>\n\t\t","protected":false},"excerpt":{"rendered":"<p>Corte a Plasma Corte de chapas met\u00e1licas ou outros materiais. Corte em a\u00e7o carbono, inox, alum\u00ednio. Corte a Laser O corte a laser em chapas met\u00e1licas \u00e9 uma solu\u00e7\u00e3o de alta precis\u00e3o para a fabrica\u00e7\u00e3o de pe\u00e7as complexas e detalhadas. Utilizando tecnologia avan\u00e7ada, esse processo permite cortes exatos e acabamentos impec\u00e1veis em diversos tipos de [&hellip;]<\/p>\n","protected":false},"author":1,"featured_media":0,"parent":0,"menu_order":0,"comment_status":"closed","ping_status":"closed","template":"","meta":{"_joinchat":[],"footnotes":""},"class_list":["post-45","page","type-page","status-publish","hentry"],"_links":{"self":[{"href":"https:\/\/metaissp.com.br\/site24\/wp-json\/wp\/v2\/pages\/45","targetHints":{"allow":["GET"]}}],"collection":[{"href":"https:\/\/metaissp.com.br\/site24\/wp-json\/wp\/v2\/pages"}],"about":[{"href":"https:\/\/metaissp.com.br\/site24\/wp-json\/wp\/v2\/types\/page"}],"author":[{"embeddable":true,"href":"https:\/\/metaissp.com.br\/site24\/wp-json\/wp\/v2\/users\/1"}],"replies":[{"embeddable":true,"href":"https:\/\/metaissp.com.br\/site24\/wp-json\/wp\/v2\/comments?post=45"}],"version-history":[{"count":4,"href":"https:\/\/metaissp.com.br\/site24\/wp-json\/wp\/v2\/pages\/45\/revisions"}],"predecessor-version":[{"id":50,"href":"https:\/\/metaissp.com.br\/site24\/wp-json\/wp\/v2\/pages\/45\/revisions\/50"}],"wp:attachment":[{"href":"https:\/\/metaissp.com.br\/site24\/wp-json\/wp\/v2\/media?parent=45"}],"curies":[{"name":"wp","href":"https:\/\/api.w.org\/{rel}","templated":true}]}}